t is p(-4)?
-2
Let k(z) = -88*z + 13743. Calculate k(157).
-73
Let o(p) = 2*p**3 - 15*p**2 + 817*p - 6593. Determine o(8).
7
Let p(x) = 7*x**3 + 390*x**2 - 137*x - 1395. Determine p(-56).
5
Let r(p) = -249*p**2 - 60*p - 3. Calculate r(-2).
-879
Let t(o) = -54075*o - 2865970. Calculate t(-53).
5
Let p(w) = -221*w**2 + 5626*w - 174. Determine p(26).
-3294
Let h(r) = -5*r**2 + 108*r + 914. Determine h(28).
18
Let f(u) = 24*u - 775. Calculate f(36).
89
Let c(k) = -k**3 + 9*k**2 + 556*k - 3872. What is c(7)?
118
Let w(i) = 44*i**2 - 3178*i - 2480. What is w(73)?
2
Let b(f) = 2*f**3 + 62*f**2 + 219*f + 6671. Give b(-31).
-118
Let n(k) = -58993*k - 59007. What is n(-1)?
-14
Let c(r) = -r**3 - 1023*r**2 - 7432*r - 2237. Determine c(-7).
3
Let p(f) = f**3 + 83*f**2 - 140*f - 4858. Determine p(-84).
-154
Let j(c) = -c**2 - 306*c - 14012. What is j(-56)?
-12
Let v(z) = -z**3 + 42*z**2 - 170*z + 714. Determine v(38).
30
Let h(o) = 28*o**2 + 13618*o + 2334. What is h(-486)?
-2526
Let f(i) = -i**3 + 188*i**2 + 715*i + 10153. What is f(192)?
-23
Let f(b) = 8*b**3 - b**2 + 10*b - 50. Give f(3).
187
Let i(y) = 2876*y + 8691. Determine i(-3).
63
Let t(g) = 25*g**2 + 1262*g + 13311. What is t(-15)?
6
Let s(z) = z**3 + 49*z**2 + 67*z - 1. Calculate s(0).
-1
Let s(w) = -154*w - 27051. Give s(-176).
53
Let k(a) = -a**3 + a**2 + 49441*a + 148309. Give k(-3).
22
Let i(y) = -2189*y**2 + 8744*y - 14. Determine i(4).
-62
Let w(h) = -3*h**3 + 12*h**2 + 37*h - 256. Calculate w(6).
-250
Let x(l) = -2*l**3 - 482*l**2 + 979*l + 1736. What is x(-243)?
35
Let j(w) = -4941*w**2 + 49411*w - 28. Calculate j(10).
-18
Let k(l) = -l**3 + 30*l**2 + 268*l - 299. What is k(-8)?
-11
Let z(a) = 5*a**2 + 9*a - 46. Determine z(11).
658
Let y(s) = -s**3 + 94*s**2 - 1525*s - 561. Determine y(73).
23
Let y(p) = p**2 + 1410*p + 12681. Determine y(-9).
72
Let d(h) = h**3 - 44*h**2 - 8*h + 425. Give d(44).
73
Let s(w) = 5*w**3 + 837*w**2 + 257*w - 13029. Calculate s(-167).
-170
Let z(f) = f**3 + 17*f**2 + 447*f + 6149. Give z(-15).
-106
Let w(t) = 12*t**3 - 12*t**2 - 6*t - 4. What is w(-3)?
-418
Let c(s) = -29*s**2 + 4164*s + 1739. Calculate c(144).
11
Let w(p) = -592539*p + 1185096. Give w(2).
18
Let d(f) = 8406*f - 67262. Calculate d(8).
-14
Let g(v) = -1902*v + 1023288. What is g(538)?
12
Let y(o) = o**3 - 377*o**2 - 10050*o + 35. Determine y(-25).
35
Let l(b) = -85626*b + 1284466. What is l(15)?
76
Let v(h) = h**3 + 16*h**2 - 31*h - 956. Determine v(-10).
-46
Let t(x) = -5*x**3 - 161*x**2 - 11221*x - 358048. Give t(-32).
0
Let h(j) = -117*j**3 + 14507*j**2 + 138*j - 1742. Give h(124).
-6
Let r(z) = z**3 - 31*z**2 + 38*z + 1435. Give r(28).
147
Let p(l) = 2466*l - 140560. Give p(57).
2
Let t(x) = 142*x**2 - 34*x - 149. What is t(-3)?
1231
Let l(d) = 12639*d + 202236. What is l(-16)?
12
Let g(q) = 2*q**2 - 39*q - 618. What is g(-11)?
53
Let a(s) = -127*s**2 - 798*s - 2383. Calculate a(-3).
-1132
Let x(b) = 2*b**3 + 80*b**2 + 125*b - 644. Calculate x(-4).
8
Let b(d) = -14*d**2 + 34*d - 391. Determine b(8).
-1015
Let f(o) = 82*o**3 + 9*o**2 - 24*o + 28. Determine f(3).
2251
Let j(f) = -f**3 + 78*f**2 - 1470*f - 55. What is j(32)?
9
Let s(q) = -70063*q + 910829. Calculate s(13).
10
Let u(r) = -952*r + 989114. Give u(1039).
-14
Let y(d) = 2*d**3 - 470*d**2 - d + 382. Give y(235).
147
Let b(i) = 889*i - 27151. Determine b(25).
-4926
Let x(h) = 4*h**2 - 83*h - 117. What is x(27)?
558
Let w(i) = 505*i**2 - 12837*i + 5298. Calculate w(25).
-2
Let v(z) = -z**2 - 1144*z - 13604. Give v(-12).
-20
Let d(v) = 1194*v + 543261. Determine d(-455).
-9
Let g(h) = 101093*h - 1516399. Give g(15).
-4
Let z(d) = -8*d**2 - 175*d - 276. What is z(-20)?
24
Let s(a) = a**3 - 326*a**2 + 10442*a - 610. Determine s(290).
-30
Let r(a) = 26776*a - 482121. Give r(18).
-153
Let f(u) = -6*u**2 - 1096*u - 7789. Calculate f(-7).
-411
Let r(z) = z**2 - 278*z - 370026. Calculate r(-485).
29
Let v(q) = 2*q**3 - 962*q**2 + 10334*q + 72. Determine v(11).
6
Let p(v) = 26*v**2 + 2944*v + 3641. What is p(-112)?
57
Let d(g) = -2*g**2 + 12808*g - 51235. Calculate d(4).
-35
Let l(p) = p**3 - 49*p**2 - 111*p - 523. Determine l(51).
-982
Let j(q) = q**3 + 83*q**2 - 174*q - 1736. Determine j(-85).
-1396
Let n(g) = -2*g**2 + 15279*g - 8. Give n(0).
-8
Let m(k) = k**3 + 31*k**2 + 9*k + 1483. Give m(-33).
-992
Let w(y) = -51*y**3 - 909*y**2 + 161*y - 62. What is w(-18)?
-44
Let m(n) = 5*n**2 - 2504*n - 71261. What is m(-27)?
-8
Let a(m) = -324*m - 3245. What is a(-10)?
-5
Let y(p) = -p**2 + 9965*p - 79586. Calculate y(8).
70
Let q(f) = -f**3 + 61*f**2 - 2654*f + 168402. Give q(62).
10
Let a(d) = -743*d - 11884. What is a(-16)?
4
Let x(m) = 4*m**2 - 1225*m + 93681. What is x(147)?
42
Let j(n) = -85*n**2 + 1023*n - 932. Determine j(1).
6
Let z(l) = -2*l**3 + 6*l**2 + 147*l + 58. Calculate z(-7).
9
Let z(f) = 4*f**2 + 1571*f + 6270. Calculate z(-4).
50
Let l(v) = -330*v**3 - 4*v**2 + 65*v - 63. Determine l(1).
-332
Let u(r) = -125*r**2 - 913*r + 2825. Determine u(3).
-1039
Let j(i) = -2610*i - 5704. Give j(-3).
2126
Let k(c) = -c**3 - 177*c**2 + 982*c + 13110. Calculate k(-182).
6
Let c(j) = j**3 + 19*j**2 + 111*j + 19. Calculate c(-17).
-1290
Let i(a) = -8*a**3 - 153*a**2 - 1002*a - 18685. Calculate i(-19).
-8
Let y(c) = 86227*c + 5604674. Determine y(-65).
-81
Let g(s) = 685*s - 25428. What is g(43)?
4027
Let h(p) = -239*p - 20721. What is h(-88)?
311
Let v(z) = 88422*z - 1149420. Calculate v(13).
66
Let i(r) = -12*r**3 - 49*r**2 - 93*r - 170. Calculate i(-3).
-8
Let q(c) = -22*c**3 + 8*c**2 + 40*c - 66. Give q(2).
-130
Let f(k) = -k**3 - 36*k**2 + 2518*k + 91774. Calculate f(-37).
-23
Let n(v) = 98*v**2 + 478*v - 36. Determine n(-5).
24
Let c(y) = -98*y + 2458. Determine c(24).
106
Let b(t) = -t**3 + 53*t**2 - 162*t + 574. What is b(50)?
-26
Let t(n) = 109*n**3 - 1754*n**2 + 94*n + 1061. What is t(16)?
5
Let s(n) = -5*n**3 - 65*n**2 - 47*n + 171. Determine s(-12).
15
Let z(u) = 2*u**3 - 70*u**2 - 221*u + 10311. Calculate z(33).
-1338
Let q(y) = -3993*y - 40036. Determine q(-10).
-106
Let y(b) = -b**2 + 222*b - 11854. What is y(89)?
-17
Let a(o) = -477*o - 12808. Give a(-26).
-406
Let m(s) = 79*s**2 - 779*s - 108. Calculate m(10).
2
Let d(n) = 20319*n - 2438286. Give d(120).
-6
Let y(x) = -x**3 + 31*x**2 + 461*x - 54. Calculate y(-11).
-43
Let c(h) = -17*h**2 - 1313*h - 5291. Give c(-4).
-311
Let m(k) = -k**3 + 179*k**2 + k - 120. What is m(179)?
59
Let d(z) = z**2 - 341*z + 16206. What is d(57)?
18
Let q(i) = -1567*i + 368237. Calculate q(235).
-8
Let x(g) = -2033*g - 31937. Determine x(-15).
-1442
Let x(a) = -274*a**2 + 7113*a + 19. Give x(26).
-267
Let h(c) = 5697*c - 181881. Calculate h(32).
423
Let r(v) = -8*v**3 - 317*v**2 - 180*v + 590. What is r(-39)?
5
Let g(z) = -11*z**2 - 7669*z - 7668. What is g(-1)?
-10
Let q(y) = y**3 - 109*y**2 - 282*y + 18912. Determine q(110).
-8
Let b(n) = -116526*n - 7457649. Calculate b(-64).
15
Let o(t) = -t**3 + 62*t**2 + 21*t + 1608. What is o(63)?
-1038
Let v(j) = 21*j + 894. Give v(-36).
138
Let y(t) = 3*t**2 + 8454*t - 6. Calculate y(0).
-6
Let d(b) = 15*b**2 - 1159*b - 161. Give d(77).
-469
Let m(k) = 134*k**2 + 9506*k - 61. What is m(-71)?
507
Let k(a) = -a**3 - 64*a**2 - 12*a - 386. Calculate k(-64).
382
Let z(l) = 8*l**2 + 1575*l + 7483. Give z(-192).
-5
Let k(i) = 31*i**2 + 777*i - 220. Give k(-25).
-270
Let n(w) = 9*w**2 + 743*w + 345. Determine n(-80).
-1495
Let l(y) = -2*y**2 + 290*y - 10424. Determine l(78).
28
Let n(v) = -3*v**3 + 37*v**2 + 2550*v + 157. Determine n(36).
-59
Let b(m) = -21*m**3 - 35*m**2 + 188*m + 82. Determine b(5).
-2478
Let c(s) = -s**3 + 11*s**2 - 11*s + 70. Determine c(14).
-672
Let s(m) = -58833*m - 1059005. Give s(-18).
-11
Let q(a) = -4815*a + 33024. Determine q(7).
-681
Let z(g) = -210660*g + 2. Give z(0).
2
Let p(d) = -327*d - 10092. Give p(-29).
-609
Let s(c) = 111*c**2 - 557*c - 8. What is s(5)?
-18
Let b(m) = -724*m**3 - 44*m**2 + 46*m - 2. Give b(1).
-724
Let m(d) = 138*d - 20707. Determine m(151).
131
Let k(w) = 3*w**2 + 738*w - 508. Calculate k(0).
-508
Let u(n) = -4*n**2 + 4079*n - 12221. Give u(3).
-20
Let m(h) = 7*h**2 - 1852*h + 118218. Give m(157).
-3
Let d(n) = 36777*n + 73598. Give d(-2).
44
Let j(o) = -375*o - 8926. Calculate j(-25).
449
Let j(s) = 